 + 7748 = c. Is i prime?
False
Suppose 0 = -2*t - 2*w + 922, 0 = -4*t - 2*w - 0*w + 1848. Is t*(5 + -33)/(-4) composite?
True
Let b be 20/28 + 2 - (-2)/7. Suppose -b*s = 4*k, -4*s = -0*s. Suppose i + 2*i - 5835 = k. Is i a composite number?
True
Let h = -38 - -40. Suppose -4*j + 5*l - 6 = -0*j, -5*j - 4*l = -13. Suppose h*b - 417 - j = 0. Is b prime?
False
Let p(x) = -4754*x + 13. Let w be p(-3). Let c = w - 6620. Suppose 4*h - c = -2035. Is h a composite number?
True
Let p(r) = 29*r**3 - 5*r**2 + 2*r - 1. Let b = 49 + -45. Let q(d) = -d**3 + d**2. Let z(n) = b*q(n) + p(n). Is z(2) a prime number?
True
Suppose 0*s = 28*s - 2413852. Is s prime?
True
Suppose 13151 + 155329 = 4*x - 4*j, -x + 5*j = -42116. Is x prime?
False
Let a be (-216)/20*25/(-10). Let o be (-9)/(a/(-6)) - -2. Suppose 4 = o*b, -r - 4*r - 3*b + 1008 = 0. Is r a prime number?
False
Let o(y) = 17*y**2 + 6*y + 4. Let s(k) = -35*k**2 - 13*k - 8. Let g(t) = 7*o(t) + 3*s(t). Let d be g(-1). Suppose w - d = 59. Is w a prime number?
False
Let a be 24/9*6 - -2. Let c = a - 15. Suppose 3*f - 3*u = 4788, -5*u + c = -2. Is f a prime number?
True
Let p be 16327/7 - 52/(-91). Let c be p/2 + (-7)/14. Suppose x - 3*x + c = 0. Is x composite?
True
Is (16 - (-10097)/46)*(-922)/(-3) a composite number?
True
Let r(p) = 17*p**2 + 122*p + 258. Is r(-59) a prime number?
True
Suppose -117*g + 115*g = 3*f - 16305, 0 = 4*f - g - 21751. Is f a prime number?
True
Suppose -6*u + 59578806 = 28*u + 19337120. Is u a composite number?
False
Let i(j) = 6570*j**2 - 132*j + 1099. Is i(9) a composite number?
True
Let c(y) = -17*y - y**2 - 17*y**2 + 28*y**2 + 36*y**2 - 6 - 8. Is c(-13) a composite number?
True
Suppose 172105 + 647435 = 30*q. Suppose 0*d + q = 6*d. Is d a composite number?
True
Let t(s) = -63*s - 125. Let f be t(-13). Is f - (-24 + 27 - (0 - 0)) composite?
False
Let w = -18318 + 26787. Suppose -22354 - w = -k. Is k a composite number?
True
Let j = -25337 + 66918. Is j a prime number?
False
Let n(d) = 2*d - 2. Let i be n(2). Let z be 2 - 0/(-1 + i). Is ((-149)/(-2))/(z/4) a prime number?
True
Let n = -184 + 185. Let c(i) = 8047*i**2 + 6*i. Is c(n) composite?
False
Let l(m) be the second derivative of -464*m**3/3 + 117*m**2/2 - 26*m - 2. Is l(-4) a prime number?
False
Let g(a) = -a**3 - 17*a**2 - 14*a - 33. Let n(p) = p**3 + 16*p**2 + 13*p + 34. Let y(o) = -2*g(o) - 3*n(o). Let f be y(-14). Let l = 535 + f. Is l composite?
False
Let b(x) = 1007*x**3 + 3*x**2 - 3*x - 1. Let a be b(-2). Let u = a + 14560. Is u prime?
True
Let x(w) = 11445*w**2 - 176*w + 1545. Is x(8) a prime number?
True
Suppose -3*m + 32738 + 702621 = 5*j, 4*j = -2*m + 588288. Is j composite?
False
Suppose 0 = 5*g + 3*h - 398450, -2*h = -3*g + 267146 - 28095. Is g prime?
True
Is 1979584/48*57/38 composite?
True
Is 134439669/732 - (2 - 18/8) a composite number?
False
Let p(s) = 8890*s**2 + 74*s - 77. Is p(1) prime?
True
Let b(t) = 4548*t**2 - 94*t - 743. Is b(-6) a prime number?
False
Suppose 4*o - 6*w + 7*w = 260024, -4*o - 3*w + 260024 = 0. Is o a composite number?
True
Let l be 9856/2*(-7482)/301. Is 3/(-15) + l/(-30) a composite number?
True
Let k = 50 + -48. Suppose 0 = r + o + 2, -3*o + 10 = k*o. Is r/(-6) + 2/(60/82210) composite?
False
Let x = -9400 - -20487. Is x a prime number?
True
Let a = -112760 - -161925. Is a a prime number?
False
Suppose -x = -4*k + 19, -k - x - 2 = -3. Suppose 2*a - 1582 = 3*h - k*h, -5*h + 7866 = -a. Is h a composite number?
True
Let s(f) = 70*f**2 + 14*f + 19. Let h(q) = -q**2 - q - 1. Let v(r) = 6*h(r) + s(r). Is v(-2) a composite number?
True
Let c(f) = 36454*f**3 + 2*f**2 - 20*f + 47. Is c(2) composite?
False
Let j = 509516 + -334779. Is j prime?
True
Let r(z) = 108*z**3 + 17*z**2 - 18*z + 171. Is r(14) a prime number?
True
Suppose 0 = o, -76 = -4*f - 5*o + 3*o. Let x(i) = i**3 + 6*i**2 - 16*i + 16. Is x(f) prime?
True
Suppose 12476875 = 13*y - 2*r, 188*r - 16 = 192*r. Is y a composite number?
False
Let s = -120 - -126. Is (-12)/s - -3*1017 prime?
True
Let t(p) = -p**3 - 5*p**2 + 4*p + 8. Let f be t(-6). Let s(w) = -6*w**2 + 12*w + 29. Let k(u) = 12*u**2 - 22*u - 59. Let q(y) = -2*k(y) - 5*s(y). Is q(f) prime?
True
Suppose -10*s + 8*s = 4*u - 56, -32 = -2*u - 2*s. Let r(m) = -97*m - 86. Let t(f) = 48*f + 43. Let w(a) = -4*r(a) - 7*t(a). Is w(u) prime?
False
Suppose 29*q = 22*q. Suppose q = -44*d + 4*d + 31480. Is d composite?
False
Suppose m + 3*p = 3, 0*m - p = m - 5. Let h be 3 + (-27)/m + 159/2. Suppose -2*q + 47 = 5*f, 3*q + 5*f = -0*q + h. Is q a composite number?
False
Is 209305/7 + (2 + 627/(-308))*-8 composite?
True
Let f = 8746 + 722. Let p = f - 5825. Is p a prime number?
True
Suppose -2*n - 85 = -3*k - 3*n, 2*n = k - 19. Suppose -18*g = -19*g - k. Is -11243*3/g - 2/9 a prime number?
True
Let o(h) = 125*h**2 - 43*h + 1771. Is o(28) prime?
False
Let f(a) = 1659*a**3 - 10*a**2 + 37*a - 83. Is f(4) composite?
True
Suppose 6*i - 36*i + 15177767 = -13650703. Is i composite?
True
Let z be 2/(-5)*(-33 + 23). Suppose 1 = b - 3. Suppose z*i + 211 = k, -b*i - 66 = -2*k + 344. Is k a prime number?
True
Suppose 2*m - 7*g = -4*g + 210179, 4*g = m - 105077. Is m a composite number?
False
Suppose 4*f - 608316 = 2*b, -2*f + 304174 = -15*b + 10*b. Is f a composite number?
False
Let i be (8 - -87) + 10/(-2). Let x = i - 87. Suppose 3*w - x*q - 4422 = 0, 6644 - 2225 = 3*w - 4*q. Is w a prime number?
False
Suppose 3*p = 8 + 25. Suppose 0 = 2*d - w - p, -6*w + 2*w = -2*d + 26. Suppose -j - 443 = -m, d*j + 100 + 2119 = 5*m. Is m a composite number?
True
Let p = 26 - 34. Let t be 18/(-5)*20/p. Is (-63)/(-1) + -5 + t a composite number?
False
Let n = 297 + -297. Suppose n = -2*z + 4909 + 7053. Is z prime?
True
Let z(k) = 463762*k**2 + 7*k - 9. Let r be z(1). Suppose -12*w + 1140212 = r. Is w a prime number?
False
Suppose -6 = -9*m + 6*m. Is (-12618)/(-12)*m/3 a prime number?
True
Let g = -267251 - -665162. Is g composite?
True
Let n(o) = 3*o**3 - 6*o**2 - o + 8. Suppose 8*f - 3*f + 3*q = 43, -f - 2*q = -10. Let r be n(f). Let k = -539 + r. Is k prime?
True
Suppose -2*s - 4*h - 890 = 0, 3*s - 4*h = s - 898. Let l = -4689 + 4693. Is l/3*s/(-2) a prime number?
False
Suppose 3*y + 2*y - 4*y = 0. Suppose 3*a = 0, c + 2*a + 2*a + 84 = y. Is (-21)/c - 8534/(-8) a composite number?
True
Let c = 46 + -31. Let u(p) = 3*p**3 - 29*p**2 + 34*p + 1. Is u(c) prime?
True
Is (2 + 1)*-231558*(-2)/36 prime?
True
Let g(m) = -6*m**3 + 236*m**2 - 132*m - 53. Is g(-61) composite?
True
Let k be 7166/(-4)*24/(-4). Suppose 0 = -4*n - 2*b - 2852 - 7894, -k = 4*n + b. Let m = 3839 + n. Is m a prime number?
True
Let n be 8 + (-2646*5 - -4). Is n/(-2)*11/(-297)*-9 prime?
True
Suppose 22092 - 137482 = 55*f. Suppose 0 = 4*x + x + 15475. Let j = f - x. Is j prime?
True
Let n(q) = 3*q**2 - 16*q - 122. Let g be n(-6). Let k(z) = 7*z**2 - 4*z. Let l be k(-4). Suppose -g = r - l. Is r a prime number?
False
Let z(w) = w**3 - 10*w**2 + 8*w - 14. Let v be z(8). Let d = 74 - -89. Let p = d + v. Is p a prime number?
False
Let a(p) = 2*p**3 - 5*p**2 + p + 21. Let n(c) = 16*c - 239. Let y be n(16). Is a(y) prime?
True
Suppose 12*a + 54 = 18*a. Suppose -a*z + 2540 = -115. Is z prime?
False
Let m = -1604117 + 2685816. Is m a composite number?
False
Let r be 4/22 + 120*10/55. Suppose 31093 = r*h - 8749. Is h composite?
False
Let o = 129988 - -345049. Is o prime?
True
Let t be 2 + -4 + 0 + 2. Suppose -63*y = -68*y + 2425. Suppose t = -o + 1218 - y. Is o composite?
False
Let x(r) = 6220*r + 9561. Is x(17) a composite number?
False
Let k(v) = v - 6. Let r be k(3). Suppose 0 = -280*b + 285*b + 20. Is (11/r - b) + 11560/6 composite?
True
Let q(x) = x**3 + 11*x**2 - 13*x - 8. Let p be q(-12). Suppose p - 5 = o. Let g(d) = -52*d**3 + 2*d**2 - 1. Is g(o) a composite number?
False
Is (-8539)/(-1)*(-4 + 5) prime?
True
Suppose -4*d = -2*b - 2*b + 104, -d = 5. Let g(q) = b - 74*q - 108*q - 12*q - 28*q. Is g(-9) a prime number?
False
Let r(v) = -2882*v + 463. Is r(-3) composite?
False
Let i(c) = -c**3 + 10*c**2 + 12*c - 11. Let v(h) = -h + 21. Let y be v(10). Let f be i(y). Suppose f = -4*p + 6*p - 1166. Is p prime?
False
Let m be (2 + -5)*(-28)/(-42). Is ((-1)/m)/((-14)/(-547652)) - 6 a prime number?
True
Suppose -3*r - v = -6*r + 16, -7 = -2*r - 3*v. Suppose -6*h 